{"id":260,"date":"2018-10-30T18:20:12","date_gmt":"2018-10-30T18:20:12","guid":{"rendered":"https:\/\/the7.io\/g-business\/?page_id=260"},"modified":"2026-01-27T11:07:26","modified_gmt":"2026-01-27T11:07:26","slug":"contacto","status":"publish","type":"page","link":"https:\/\/polideportivocarlostaule.com\/?page_id=260","title":{"rendered":"Contacto"},"content":{"rendered":"<div class=\"wpb-content-wrapper\">[vc_row][vc_column width=\u00bb1\/2&#8243;]<div id=\"ultimate-heading-762169f2ae61d2c33\" class=\"uvc-heading ult-adjust-bottom-margin ultimate-heading-762169f2ae61d2c33 uvc-9373 \" data-hspacer=\"no_spacer\"  data-halign=\"left\" style=\"text-align:left\"><div class=\"uvc-heading-spacer no_spacer\" style=\"top\"><\/div><div class=\"uvc-main-heading ult-responsive\"  data-ultimate-target='.uvc-heading.ultimate-heading-762169f2ae61d2c33 h2'  data-responsive-json-new='{\"font-size\":\"desktop:36px;\",\"line-height\":\"\"}' ><h2 style=\"--font-weight:theme;color:#0853a2;\">Datos de Contacto<\/h2><\/div><\/div>[\/vc_column][vc_column width=\u00bb1\/2&#8243;]<div id=\"ultimate-heading-527969f2ae61d2c90\" class=\"uvc-heading ult-adjust-bottom-margin ultimate-heading-527969f2ae61d2c90 uvc-1981 \" data-hspacer=\"no_spacer\"  data-halign=\"left\" style=\"text-align:left\"><div class=\"uvc-heading-spacer no_spacer\" style=\"top\"><\/div><div class=\"uvc-main-heading ult-responsive\"  data-ultimate-target='.uvc-heading.ultimate-heading-527969f2ae61d2c90 h2'  data-responsive-json-new='{\"font-size\":\"desktop:36px;\",\"line-height\":\"\"}' ><h2 style=\"--font-weight:theme;color:#0853a2;\">Formulario de Contacto<\/h2><\/div><\/div>[\/vc_column][\/vc_row][vc_row][vc_column][vc_empty_space][\/vc_column][\/vc_row][vc_row][vc_column width=\u00bb1\/2&#8243;][vc_column_text css=\u00bb\u00bb]<p class=\"has-text-color\" style=\"color: #0853a2; text-align: left;\"><strong>N\u00famero de Tel\u00e9fono<\/strong><!-- \/wp:post-content --><\/p>\n<!-- wp:paragraph {\"align\":\"left\",\"customTextColor\":\"#222222\",\"fontSize\":\"large\"} -->\n<p class=\"has-text-color has-large-font-size\" style=\"color: #222222; text-align: left;\"><strong>(+34) 964 311 144<\/strong><\/p>\n<p class=\"has-text-color\" style=\"color: #0853a2; text-align: left;\"><strong>Email<\/strong><!-- \/wp:paragraph --><\/p>\n<!-- wp:paragraph {\"align\":\"left\",\"customTextColor\":\"#222222\",\"fontSize\":\"medium\"} -->\n<p class=\"has-text-color has-medium-font-size\" style=\"color: #222222; text-align: left;\"><strong>info@polideportivocarlostaule.com<\/strong><\/p>\n<!-- wp:paragraph {\"align\":\"left\",\"customTextColor\":\"#0853a2\"} -->\n<p class=\"has-text-color\" style=\"color: #0853a2; text-align: left;\"><strong>Direcci\u00f3n<\/strong><!-- \/wp:paragraph --><\/p>\n<!-- wp:paragraph {\"align\":\"left\",\"customTextColor\":\"#222222\",\"fontSize\":\"medium\"} -->\n<div class=\"left-widgets mini-widgets\" style=\"text-align: left;\"><strong><span class=\"mini-contacts address show-on-desktop in-top-bar-left in-top-bar last\">Avinguda de la Mar, 18, 12594 Orpesa, Castell\u00f3<\/span><\/strong><\/div>\n<div>&nbsp;<\/div>\n<div>\n<p class=\"has-text-color\"><span style=\"color: #000080;\"><strong>Horarios<\/strong><\/span><!-- \/wp:paragraph --><\/p>\n<p><strong>De lunes a s\u00e1bado<\/strong><\/p>\n<p><strong>MA\u00d1ANAS<\/strong> de 9 a 13:30<\/p>\n<p><strong>TARDES<\/strong> de 15:30 a 22:30<\/p>\n<!-- wp:paragraph {\"align\":\"left\",\"customTextColor\":\"#222222\",\"fontSize\":\"medium\"} --><\/div>\n<p><iframe loading=\"lazy\" style=\"border: 0;\" tabindex=\"0\" src=\"https:\/\/www.google.com\/maps\/embed?pb=!1m18!1m12!1m3!1d1119.3866805844093!2d0.13993489011739682!3d40.0938869530869!2m3!1f0!2f0!3f0!3m2!1i1024!2i768!4f13.1!3m3!1m2!1s0x0%3A0xabfe9319b8f01015!2sPoliesportiu%20Carlos%20Taul%C3%A9!5e1!3m2!1ses!2ses!4v1586248149908!5m2!1ses!2ses\" width=\"600\" height=\"400\" frameborder=\"0\" allowfullscreen=\"allowfullscreen\" aria-hidden=\"false\"><\/iframe><\/p>[\/vc_column_text][\/vc_column][vc_column width=\u00bb1\/2&#8243;][vc_column_text]\n<div class=\"wpcf7 no-js\" id=\"wpcf7-f57407-o1\" lang=\"es-ES\" dir=\"ltr\" data-wpcf7-id=\"57407\">\n<div class=\"screen-reader-response\"><p role=\"status\" aria-live=\"polite\" aria-atomic=\"true\"><\/p> <ul><\/ul><\/div>\n<form action=\"\/index.php?rest_route=%2Fwp%2Fv2%2Fpages%2F260#wpcf7-f57407-o1\" method=\"post\" class=\"wpcf7-form init\" aria-label=\"Formulario de contacto\" novalidate=\"novalidate\" data-status=\"init\">\n<fieldset class=\"hidden-fields-container\"><input type=\"hidden\" name=\"_wpcf7\" value=\"57407\" \/><input type=\"hidden\" name=\"_wpcf7_version\" value=\"6.1.5\" \/><input type=\"hidden\" name=\"_wpcf7_locale\" value=\"es_ES\" \/><input type=\"hidden\" name=\"_wpcf7_unit_tag\" value=\"wpcf7-f57407-o1\" \/><input type=\"hidden\" name=\"_wpcf7_container_post\" value=\"0\" \/><input type=\"hidden\" name=\"_wpcf7_posted_data_hash\" value=\"\" \/>\n<\/fieldset>\n<p><label> Tu Nombre (obligatorio)<br \/>\n<span class=\"wpcf7-form-control-wrap\" data-name=\"your-name\"><input size=\"40\" maxlength=\"400\" class=\"wpcf7-form-control wpcf7-text wpcf7-validates-as-required\" aria-required=\"true\" aria-invalid=\"false\" value=\"\" type=\"text\" name=\"your-name\" \/><\/span> <\/label>\n<\/p>\n<p><label> Tu Correo Electr\u00f3nico (obligatorio)<br \/>\n<span class=\"wpcf7-form-control-wrap\" data-name=\"your-email\"><input size=\"40\" maxlength=\"400\" class=\"wpcf7-form-control wpcf7-email wpcf7-validates-as-required wpcf7-text wpcf7-validates-as-email\" aria-required=\"true\" aria-invalid=\"false\" value=\"\" type=\"email\" name=\"your-email\" \/><\/span> <\/label>\n<\/p>\n<p><label> N\u00famero de Tel\u00e9fono<br \/>\n<span class=\"wpcf7-form-control-wrap\" data-name=\"tel-7\"><input size=\"40\" maxlength=\"400\" class=\"wpcf7-form-control wpcf7-tel wpcf7-text wpcf7-validates-as-tel\" aria-invalid=\"false\" value=\"\" type=\"tel\" name=\"tel-7\" \/><\/span> <\/label>\n<\/p>\n<p><label> Asunto<br \/>\n<span class=\"wpcf7-form-control-wrap\" data-name=\"your-subject\"><input size=\"40\" maxlength=\"400\" class=\"wpcf7-form-control wpcf7-text\" aria-invalid=\"false\" value=\"\" type=\"text\" name=\"your-subject\" \/><\/span> <\/label>\n<\/p>\n<p><label> Tu Mensaje<br \/>\n<span class=\"wpcf7-form-control-wrap\" data-name=\"your-message\"><textarea cols=\"40\" rows=\"10\" maxlength=\"2000\" class=\"wpcf7-form-control wpcf7-textarea\" aria-invalid=\"false\" name=\"your-message\"><\/textarea><\/span> <\/label>\n<\/p>\n<p><input class=\"wpcf7-form-control wpcf7-submit has-spinner\" type=\"submit\" value=\"Enviar\" \/>\n<\/p><div class=\"wpcf7-response-output\" aria-hidden=\"true\"><\/div>\n<\/form>\n<\/div>\n[\/vc_column_text][\/vc_column][\/vc_row]<!-- \/wp:paragraph --><\/div>","protected":false},"excerpt":{"rendered":"<p>[vc_row][vc_column width=\u00bb1\/2&#8243;][\/vc_column][vc_column width=\u00bb1\/2&#8243;][\/vc_column][\/vc_row][vc_row][vc_column][vc_empty_space][\/vc_column][\/vc_row][vc_row][vc_column width=\u00bb1\/2&#8243;][vc_column_text css=\u00bb\u00bb] N\u00famero de Tel\u00e9fono (+34) 964 311 144 Email info@polideportivocarlostaule.com Direcci\u00f3n Avinguda de la Mar, 18, 12594 Orpesa, Castell\u00f3 &nbsp; Horarios De lunes a s\u00e1bado MA\u00d1ANAS de 9 a 13:30 TARDES de 15:30 a 22:30 [\/vc_column_text][\/vc_column][vc_column width=\u00bb1\/2&#8243;][vc_column_text][\/vc_column_text][\/vc_column][\/vc_row]<\/p>\n","protected":false},"author":1,"featured_media":0,"parent":0,"menu_order":70,"comment_status":"closed","ping_status":"closed","template":"","meta":{"footnotes":""},"class_list":["post-260","page","type-page","status-publish","hentry","description-off"],"_links":{"self":[{"href":"https:\/\/polideportivocarlostaule.com\/index.php?rest_route=\/wp\/v2\/pages\/260","targetHints":{"allow":["GET"]}}],"collection":[{"href":"https:\/\/polideportivocarlostaule.com\/index.php?rest_route=\/wp\/v2\/pages"}],"about":[{"href":"https:\/\/polideportivocarlostaule.com\/index.php?rest_route=\/wp\/v2\/types\/page"}],"author":[{"embeddable":true,"href":"https:\/\/polideportivocarlostaule.com\/index.php?rest_route=\/wp\/v2\/users\/1"}],"replies":[{"embeddable":true,"href":"https:\/\/polideportivocarlostaule.com\/index.php?rest_route=%2Fwp%2Fv2%2Fcomments&post=260"}],"version-history":[{"count":49,"href":"https:\/\/polideportivocarlostaule.com\/index.php?rest_route=\/wp\/v2\/pages\/260\/revisions"}],"predecessor-version":[{"id":58154,"href":"https:\/\/polideportivocarlostaule.com\/index.php?rest_route=\/wp\/v2\/pages\/260\/revisions\/58154"}],"wp:attachment":[{"href":"https:\/\/polideportivocarlostaule.com\/index.php?rest_route=%2Fwp%2Fv2%2Fmedia&parent=260"}],"curies":[{"name":"wp","href":"https:\/\/api.w.org\/{rel}","templated":true}]}}